
Let i = -28 - -82. What are the prime factors of i?
2, 3
Let b(w) = -w**3 - 13*w**2 - 27*w - 12. List the prime factors of b(-11).
43
Let n = 8 - 15. Let t(a) = a - 7. Let r(g) = 1. Let k(f) = -5*r(f) - t(f). What are the prime factors of k(n)?
3
Suppose 4*m - 4*r - 2 = 86, 0 = -4*m - 5*r + 43. Let v = -12 + m. List the prime factors of v.
5
Suppose 7 = -4*p + 4*h + 35, -23 = -2*p - h. List the prime factors of p.
2, 5
Let y(h) be the third derivative of -h**6/120 + 3*h**5/20 - h**4/4 + h**3/2 + 5*h**2. List the prime factors of y(8).
19
Let u(n) = -n**3 + 6*n**2 + 5*n + 2. Let m be u(4). Suppose 4*g + 2*a - m = 0, -g = -6*a + 2*a - 18. List the prime factors of g.
2, 7
Suppose 2*w = -2*u - 2*u + 16, -2*u = 2*w - 10. Suppose -4*j = -3*v - 0*j + 65, 3*v - 71 = -w*j. What are the prime factors of v?
23
Suppose -2*d - 127 = -3*u, -12 - 71 = -2*u + 3*d. What are the prime factors of u?
43
Suppose 3*j - 81 = -n, -n + 0*n + 5*j = -49. Suppose -5*d + 87 = 27. Suppose -3*o + 4*a + n = -a, 4*a + d = 0. List the prime factors of o.
2, 3
Suppose 2*u + 60 = 240. What are the prime factors of u?
2, 3, 5
Let x = 81 + -43. What are the prime factors of x?
2, 19
What are the prime factors of (-4)/(((-16)/(-500))/(-2))?
2, 5
Suppose -6*s - 200 = -5*a - 4*s, 3*a - 2*s - 116 = 0. Suppose w = 5*r - a, -5*r + 3*w - 10 + 56 = 0. Let h = r + 0. List the prime factors of h.
2
Let n = -98 - -193. What are the prime factors of n?
5, 19
Suppose 701 = 5*j - 324. List the prime factors of j.
5, 41
Suppose -3*s = -s - 10. Suppose -s*w + 48 + 42 = 0. List the prime factors of w.
2, 3
List the prime factors of (-8)/(-20) + 34/(-10) + 156.
3, 17
Let v(w) = -6*w + 105. What are the prime factors of v(0)?
3, 5, 7
Let c = -11 + 7. Let l(m) = m**2 + 2*m + 1. Let b be l(c). What are the prime factors of b + 2 + -2*1?
3
Suppose 20*v - 2591 = 4009. List the prime factors of v.
2, 3, 5, 11
Suppose -2*w = 3*z - 14, 3*z + 5*w + 0*w = 26. Suppose 0*y - 10 = -z*y. Suppose 8 = 4*o - 12, -y*a + 10 = -o. List the prime factors of a.
3
Let q = 21 - -20. List the prime factors of q.
41
Let w = -45 + 76. Let q = w - 16. Suppose 5*o + 5*x - q = 0, 4 + 1 = -x. What are the prime factors of o?
2
Let q be -2*((-15)/6 + 2). What are the prime factors of 13/2 + q/2?
7
Let l = 83 - -6. List the prime factors of l.
89
Let w = 4 - 2. What are the prime factors of 42/w - 0/(-2)?
3, 7
Let o = 267 - 150. What are the prime factors of o?
3, 13
Let j(l) = l**3 - 3*l**2 - 2*l - 4. Let m be j(4). Suppose -3*a = 1 - m. Suppose 5*v = 59 + a. List the prime factors of v.
2, 3
Let p = -4 + 6. Suppose 0 = p*k - 33 + 1. Let s = k - 10. List the prime factors of s.
2, 3
What are the prime factors of (-35)/(-5) + -3 + 20?
2, 3
Suppose -b + 4*q + q = -54, 5*q = -2*b + 33. What are the prime factors of b?
29
Let u be ((-8)/(-3))/(17/(-357)). Let w = u - -102. What are the prime factors of w?
2, 23
Let v(x) = 4*x**2 + 0*x + 4*x + 1 - x**3 - 2*x**2. Let k = 2 + 1. What are the prime factors of v(k)?
2
Let f(u) = 11 + 0*u - u - 1. Let o be f(7). Suppose 0 = 2*p - o - 5. What are the prime factors of p?
2
Suppose n - 56 = 4*l + 6*n, 4*n = -3*l - 43. Let i = 2 + l. What are the prime factors of i/2*40/(-14)?
2, 5
Let x(s) = -2*s**2 - s + 58. What are the prime factors of x(0)?
2, 29
Let x be (-86)/(-18) + (-4)/(-18). Suppose x*c + 64 - 199 = 0. Let g = -18 + c. What are the prime factors of g?
3
Let j = 115 + 26. What are the prime factors of j?
3, 47
Let r = -16 - -21. Suppose -n - 3*w = 3*n - 12, r*n - 3*w = 15. What are the prime factors of n?
3
Let d(x) = -2*x**2 + 6*x + 4. Let n be d(5). Let h = 49 + -79. Let y = n - h. What are the prime factors of y?
2, 7
Let s = -5 + -12. Let d = 16 - 13. What are the prime factors of (-1)/(1/d) - s?
2, 7
Suppose 2*a + 7 + 11 = 0. Let x be 1/(2 - (-21)/a). List the prime factors of (9/4)/(x/(-8)).
2, 3
Suppose -5*q - 15 = -5*z, -3*z + 5 = z + 3*q. List the prime factors of z.
2
Let q be (-3)/(-6) + 3/(-6). Suppose q*j - 42 = -2*j. What are the prime factors of j?
3, 7
Let n(g) = g + 13. Let x be n(-7). Suppose -r = r - x. Let p = 14 - r. List the prime factors of p.
11
Let w = 24 - -191. What are the prime factors of w?
5, 43
Suppose m + 2*k - 29 = k, -4*k = 3*m - 86. List the prime factors of 2/((-1)/(m/(-3))).
2, 5
Suppose 208 = o - 39. What are the prime factors of o?
13, 19
Suppose i = 6*i - 150. What are the prime factors of i?
2, 3, 5
Let i(m) be the third derivative of m**5/60 + m**4/3 + 4*m**3/3 + 9*m**2. List the prime factors of i(-10).
2, 7
Let f = 10 - -23. Let b = f - 14. List the prime factors of b.
19
Let y(x) be the second derivative of x**4/12 - 3*x**3/2 + x**2 - 2*x. Let z be y(9). Suppose -z*h - 3 + 11 = 0. List the prime factors of h.
2
Let x(z) = z**3 - 4*z**2 - 4*z - 3. Let u be x(5). Suppose -u*q + 6 = -0. What are the prime factors of (-3)/(21/8 - q)?
2
Let z(y) = 3*y**3 - 10*y**2 - 4*y - 7. Let h(f) = -f**3 + f**2 + f. Let p(l) = 2*h(l) + z(l). List the prime factors of p(9).
2, 7
Suppose z = 3*m + 21, -m + 15 = -6*m - 5*z. What are the prime factors of (1 - 0)*m/(-2)?
3
Suppose m = 3 + 7. Let x(s) be the first derivative of -s**2/2 + 17*s + 5. List the prime factors of x(m).
7
Let g be 2/10 - 29/(-5). Let w = -2 + g. Suppose -2*z + 5*k = -17, 4*z - 45 = 3*k - w*k. List the prime factors of z.
11
Suppose 3*g - 27 = 24. What are the prime factors of g?
17
Let k = 130 + -41. List the prime factors of k.
89
Let t(j) be the third derivative of j**4/12 + 2*j**3/3 + 2*j**2. Let z be t(3). Suppose -c - c = -z. What are the prime factors of c?
5
Let d be (-6)/(-4)*(-38)/(-3). Suppose -23 - d = -3*l. List the prime factors of l.
2, 7
Let v be (-4)/10 + 17/5. Suppose 2 = -v*a + 2*a. List the prime factors of a/3 + 34/6.
5
Let p = 8 - 7. Let s(k) = -k + 9. Let b be s(7). Suppose b*z = -p + 11. List the prime factors of z.
5
Let v(u) = 3*u. Let m be v(1). Suppose 2*c - m*b + 1 = -4*b, 5*c + 5*b = -5. Suppose c*h + 24 = 2*h. What are the prime factors of h?
2, 3
Suppose 0 = -m + 5*b + 80, -b = -3*b. What are the prime factors of m?
2, 5
Let v = 162 - 105. List the prime factors of v.
3, 19
Let x = 89 + -48. What are the prime factors of x?
41
Suppose x = -u - 4*u - 22, 5*x - 3*u - 30 = 0. Suppose x*k - 131 - 16 = 0. What are the prime factors of k?
7
Let h(c) = 2 - 2*c + 2*c + 3 - 5*c. Let b be h(5). Let i = 33 + b. What are the prime factors of i?
13
Let c(q) = 19*q**2 - 6*q - 11. List the prime factors of c(5).
2, 7, 31
List the prime factors of 2505/10 - (-1)/(-2).
2, 5
Let r(b) = 81*b**2 - 2*b + 1. Suppose -5*d + 5 + 0 = 0. Let v be r(d). Suppose 0*n + 40 = 2*n + q, -3*q - v = -4*n. List the prime factors of n.
2, 5
Let w(j) = -153*j**2 - 1. Let v be w(1). What are the prime factors of 1/(-4) - v/8?
19
Let d(q) be the third derivative of -q**6/8 - q**5/60 - q**2. List the prime factors of d(-1).
2, 7
Suppose -5*l - 2*b - b - 5 = 0, 0 = -5*l - 2*b. Let i = 2 - l. Suppose i = 3*a + 2*a - 30. What are the prime factors of a?
2, 3
Let w = -5 - -7. Suppose -w*t = g - 7, 4*g + 5 = -t - 2. List the prime factors of t.
5
Let x = -120 - -205. List the prime factors of x.
5, 17
Suppose 37*m = 33*m + 288. List the prime factors of m.
2, 3
Let p(l) = 10*l**2 - 2*l - 3. What are the prime factors of p(-4)?
3, 5, 11
List the prime factors of (8/(-3))/(36/(-1458)).
2, 3
Let v be 2/4*(13 - 5). Suppose -20 = -4*h, 0 = -4*l - v*h + 16 + 36. List the prime factors of l.
2
Let i = 102 - 38. What are the prime factors of i?
2
Let p = 1 + -1. Let u(w) = 4 - w**2 - w**3 + 0*w + 2 + w. List the prime factors of u(p).
2, 3
Let f = 19 + 5. Let s = f + 8. What are the prime factors of s?
2
Suppose -7*k = -2*k. Let r = k - 2. What are the prime factors of (r + 1)/(1/(-3))?
3
Let q(b) = -b**3 + 5*b**2 - 3*b + 3. Suppose -1 = l, 2*x + 4*l - 5 = -3. List the prime factors of q(x).
2, 3
Let p(l) = l**2 - 16*l + 34. What are the prime factors of p(16)?
2, 17
Suppose -2*i = 3*i + 5*f - 1000, 225 = i - 4*f. What are the prime factors of i?
5, 41
Let k be -2 + 1 - (-3)/3. Suppose 4*b = u + 1, -4*u + k*u = -2*b - 10. Suppose o = -5, -u*s - 3*o + 27 = -0*s. List the prime factors of s.
2, 7
Let h(i) = 7*i**2 - i + 2. Let o be h(2). List the prime factors of 48/o + (-2)/(-7).
2
Let l(z) = -2*z**2 + 